lse
Let y = 0 + 3. Suppose 0 = y*h - 81 + 18. Suppose 0*t - 4*t + 5*s + 117 = 0, 2*t - h = -5*s. Is t a prime number?
True
Suppose 5*b = 33 + 137. Is b composite?
True
Suppose -3*j - 25 = -8*j. Suppose -j*q = -q - 136. Is q prime?
False
Let x = -11 - -15. Suppose 0 = x*n - 4 - 4. Suppose -n*o - 3*o + 425 = 0. Is o prime?
False
Suppose 0*b - 8 = 5*b + 4*a, 0 = b + 5*a + 10. Suppose b = -3*s - 0*s + 78. Is s a composite number?
True
Suppose 33 = -5*j + 3. Let m(q) = -16*q - 3. Let n(r) = -47*r - 8. Let c(t) = j*n(t) + 17*m(t). Is c(4) prime?
True
Is (-2)/6 - 2154/(-9) composite?
False
Let j = -14 + 25. Let r = -8 + j. Let g = r + 3. Is g prime?
False
Suppose -4*i - 20 = f, 4*f + 4*i + 17 = -39. Let a = f + 3. Is 489*(-3)/a*1 prime?
True
Let x be 20/(-6) - (-4)/(-6). Is (1 - -1)*(-230)/x a composite number?
True
Let n(f) = -4*f**2 - 21*f - 1. Let i(y) = y - 1. Let o(g) = 4*i(g) + n(g). Let a(l) = l**2. Let q(h) = -5*a(h) - o(h). Is q(9) prime?
False
Let s(i) = -i**2 - 22*i - 2. Is s(-19) composite?
True
Suppose 0 = -b - 2*c + 29 + 4, -c - 64 = -3*b. Is b composite?
False
Suppose -10*b - 40 = -5*b. Is (-4)/(b/58)*3 composite?
True
Let z = -12 - -33. Suppose u - 125 - z = 0. Let m = -64 + u. Is m a prime number?
False
Let p be (2 - -4)/(-2) - -15. Is (0 + 3 - 2) + p prime?
True
Let o = -604 + 1013. Is o composite?
False
Suppose 0 = -y + 2*g - 0*g + 1059, -3*g = -5*y + 5302. Is y prime?
True
Let r = 291 + -1261. Let k = 1443 + r. Is k a composite number?
True
Let d(j) = -j**3 - 10*j**2 - 12*j + 1. Let r be d(-9). Let b = 44 - r. Suppose 2*z - 62 = w + w, 4*w = b. Is z a composite number?
True
Suppose -944 = 5*j - 9*j. Suppose -j = -3*o - o. Is o a composite number?
False
Suppose 2*h - 20 = 5*l, -4*h + 8*l + 20 = 3*l. Let m = h + 2. Suppose -2*f = 6, -m*w + 4*f + 11 = -53. Is w composite?
True
Suppose -2*f + 2*s + 36 = 0, 2*s = -4*f + 3*s + 60. Suppose 4*l + 9 + 9 = -o, 4*l = o - f. Is (-41)/l + (-2)/8 a prime number?
False
Let d be (-1)/2 - (-45)/10. Is 500 + (7 - d - 4) a composite number?
False
Let z(j) = -j + 7. Let k be z(5). Let t(l) = 0*l**2 - 3*l**3 + l**3 - 6 - 5*l**k - 6*l + 1. Is t(-4) a prime number?
True
Suppose -5*g + 16 = 1. Suppose 0 = -5*u + g*d + 293, 3*u + d = -4*d + 169. Is u composite?
True
Suppose -3*b + 4*d = 4 + 43, 0 = b + d + 11. Let w = 44 - b. Is w composite?
True
Let i(x) be the second derivative of -37*x**3/3 + 2*x. Let t be i(-4). Suppose -3*w - t = -4*v, 6*v - 4*w = 3*v + 215. Is v a composite number?
True
Let c(k) = k + 7. Is c(12) a composite number?
False
Let v be 18/8 + 4/(-16). Suppose -79 = -v*z - k + 2*k, -47 = -z - 2*k. Let h = z - -16. Is h prime?
False
Suppose -h = -335 + 133. Suppose 0 = -2*k + h + 24. Is k composite?
False
Let y = -4 + 3. Let n(i) = 14*i**2 + i. Is n(y) composite?
False
Let t = 12 - 7. Let h(m) = 12*m + 5. Is h(t) prime?
False
Let r = 16 + 9. Is r a prime number?
False
Let i = 10 + -9. Is i/(4*1/1004) prime?
True
Let o(j) = -j**3 + 5*j**2 - 5*j + 4. Let z be o(4). Suppose 3*v = -z*v - y + 149, 2*v - 102 = -2*y. Is v prime?
False
Let k = 624 - -883. Is k a prime number?
False
Suppose -l - 3 = -3*t, 2*l + 3*t + t = 4. Let o = l - 0. Suppose o*n - 55 = -n. Is n a composite number?
True
Let y(g) be the first derivative of 86*g**3/3 - g - 2. Is y(1) composite?
True
Let y(v) = 4*v - 5. Let q be y(11). Let g = -25 + q. Is g composite?
True
Is 1/(-1 + 2) + 130 a composite number?
False
Let u(a) = -a**3 + a**2 - 7*a + 4. Let j be u(5). Let i = 390 + j. Is i a prime number?
False
Let t(s) = 2*s**2 + 3*s + 1. Let x be t(-2). Suppose -5*u = 3*k - 2, x*u - 13 + 3 = -4*k. Is (u/(-6))/((-1)/(-237)) a prime number?
True
Let p(s) = -s**3 + 2*s**2 - s. Let a be p(1). Let q be 7/3 - (-6)/9. Suppose 3*z - 3*n - 102 = a, -z - q*z = 5*n - 163. Is z a composite number?
False
Suppose 3*u = -4*i + 181, -3*i + 156 + 24 = 3*u. Is u a composite number?
False
Let j(a) = 30*a. Let w be j(9). Suppose 5*o - 5*k = w, 0 = o - k + 3*k - 69. Is o a prime number?
True
Suppose -d - 3 = 2*y, -5*d + 10 = 3*y - 3. Let p = 58 - d. Is p composite?
False
Let g = 773 + -538. Is g composite?
True
Let i = -373 - -622. Is i composite?
True
Let z = -316 - -924. Suppose -o = -2*a + z + 222, -5*a - o = -2061. Is a a composite number?
True
Let o = 14 - 10. Is (58/o)/(5/50) a prime number?
False
Let s be 2/((-2 + 1)*1). Let i be -4*(-2)/(s - -4). Is (-1 - 1)*(-62)/i composite?
False
Suppose 1013 = 4*c + 65. Suppose -p - 2*p + c = 2*h, p = h + 74. Is p prime?
False
Suppose -23*g = -19*g - 1516. Is g a prime number?
True
Let m = 46 - 37. Let n be (-13)/(-2) - 1/2. Let h = m - n. Is h prime?
True
Let f be (1/2)/((-1)/12). Let b = f + 10. Suppose -124 = -4*l - b*r, -l = -0*l - r - 31. Is l a composite number?
False
Suppose 3*k + 312 = 5*m, -196 = -0*m - 3*m + 4*k. Let u(x) = -x - 1. Let b be u(-4). Suppose -r = b*r - m. Is r composite?
True
Let i = -11 - -18. Let t be (6/i)/((-5)/(-35)). Let q(f) = 5*f + 5. Is q(t) composite?
True
Is 16/24 - 758/(-6) composite?
False
Suppose 0 = -u + 4*s - 0*s + 190, 878 = 5*u + 4*s. Let d = 441 - u. Is d a prime number?
True
Suppose -17*r - 1658 = -19*r. Is r a composite number?
False
Let m(b) = b**2 + 10. Let w be m(-7). Suppose 4*o = 17 + w. Is o composite?
False
Let i = -625 - -1092. Suppose -3*c = 31 + i. Let v = 233 + c. Is v prime?
True
Let x(d) = d**3 + 11*d**2 - 12*d - 19. Is x(-9) a prime number?
True
Suppose 9 = m + m + 3*w, 3*m + 3*w = 9. Let j(f) = 11 - 2 + 4 + f. Is j(m) a composite number?
False
Suppose -2*n + 828 = 2*n - 4*x, 3*n = x + 613. Is n a prime number?
False
Let j(r) = 227*r + 1. Let a be (1 - (0 - 1))/2. Let z be j(a). Suppose -3*y + 5*n + 181 + 71 = 0, -z = -3*y - 3*n. Is y a composite number?
False
Let m = -31 - -68. Is m a composite number?
False
Let m(d) = 50*d**2 + 6*d + 11. Let v(b) = 33*b**2 + 4*b + 7. Let h(y) = -5*m(y) + 8*v(y). Is h(-3) a prime number?
False
Let d = -747 - -2900. Is d prime?
True
Let c = 11 - 33. Let x = c - -43. Is x composite?
True
Suppose -86 = -0*j + j. Let w = j - -169. Is w prime?
True
Let d(r) = 7*r - 7. Let f be 3/(9/42) + -1. Suppose -5*t + f = -17. Is d(t) a composite number?
True
Suppose 0 = -3*l + 2*l. Suppose 0 = 3*h + 2*h - 190. Suppose 0 = -l*y + 2*y - h. Is y composite?
False
Let i be (1 + -3)*(-3)/2. Let y(s) = -s**3 + 4*s**2 + 4. Is y(i) prime?
True
Suppose -2*n - 4*g + 24 = 0, -g + 9 = -0*n + 2*n. Suppose 148 = 2*r + n*r. Is r a prime number?
True
Suppose 5*c = 2*q - 2528, -4*q + 3783 = -q - 3*c. Is q composite?
False
Suppose -6*v + 970 = -v. Is v prime?
False
Suppose w + w - 8 = 0. Let j be 25/w + (-3)/12. Suppose 15 + j = 3*x. Is x a prime number?
True
Let f(j) = j**3 - 4*j**2 + j. Let o(g) = -g**2 + 7*g - 5. Let q be o(5). Let n be f(q). Suppose -n = y - 4*y. Is y prime?
False
Let d = -14 - -25. Is d a composite number?
False
Let h(s) be the third derivative of -s**6/120 - s**5/12 + s**4/24 - 2*s**3/3 - 2*s**2. Is h(-7) prime?
False
Suppose 5*g - 194 = 761. Is g a prime number?
True
Let n = -8 - -21. Let p = -50 + 5. Let c = n - p. Is c prime?
False
Suppose n = 4*j - 10, 0 = -j + 2*j + 4*n + 6. Suppose -5*d = -j*d - 18. Is d composite?
True
Let p(k) = k**3 - 2*k**2 + k - 2. Let r be p(2). Suppose a + r*a = -1. Is a/(-2)*(-1 - -29) a prime number?
False
Suppose -1388 = -4*w + 428. Is w composite?
True
Let m be -1 + (-96)/((-1)/1). Let p be (-3)/(-3)*2*1. Suppose p*i = -1 + m. Is i a prime number?
True
Suppose -4*v + 544 = -5*y, -2*v - y = 3*y - 246. Is v a prime number?
True
Let o(f) = 25*f + 3. Suppose 0 = 3*b - 5*p + 10 - 26, -4*b + 14 = -3*p. Is o(b) prime?
True
Is -1*3/(12/(-332)) prime?
True
Let c(a) be the first derivative of -a**2/2 + 6*a - 1. Let q(j) = -j**2 + 2*j + 3. Let w be q(3). Is c(w) composite?
True
Let i be (16/10)/(8/20). Suppose i*d - 7*d - 3 = 0. Is (186 - -4) + (d - 2) composite?
True
Let y = 126 - -56. Suppose -4*f - k = f - y, 4*f - 2*k - 154 = 0. Is f composite?
False
Suppose -2*z - 32 = 5*o, -z - 4 = 3*z. Let n = 5 - o. Let k = 44 - n. Is k a prime number?
False
Is 1546/8 - -3*1/4 prime?
False
Suppose -r + 568 = 141. Suppose j + 5*c = r + 65, -4*j + c + 1863 = 0. Is j composite?
False
Let s(k) = 10*k**2 - 3*k + 1. Let o be s(5). Suppose -3*y + o = -103. Is y composite?
False
Let g(p) = -6*p**2 - 6*p + 1. Let w